2*z**3 + 3 + 5*z**2 - 5*z - z**3. Let x(g) = v*y(g) - 2*d(g). What is x(2)?
11
Let u = -48 - -47. Let f(j) = -22*j**3 + j**2 + 2*j + 1. Determine f(u).
22
Let u(i) = i**3 - 3*i**2 - 3*i + 3. Suppose -2*l + 19 = 4*v - v, 5*l = 10. Suppose -3*w - 2*q = -v, -3*w = -6*w - 3*q + 3. Give u(w).
-6
Let s(o) = -o**2 - o + 5. Let x(w) be the third derivative of -w**5/30 - w**4/24 + 3*w**3/2 - 32*w**2. Let a(r) = -11*s(r) + 6*x(r). Let p = 4 - -1. Give a(p).
-1
Let z be 61/3 - 2/(-3). Suppose z = 4*l + 5. Let x(c) = 7 - 2*c - l + 4*c. Determine x(4).
11
Suppose -15 = -2*r - m, -21 = 5*r - 4*m - 52. Suppose r*a = 3*a. Let w(k) = k**2 + 11. What is w(a)?
11
Let m(i) = i**2 + i - 12. Let j(y) = -4*y**2 - 3*y + 35. Let o(s) = 2*j(s) + 7*m(s). Give o(0).
-14
Let b(l) = -l - 25. Let d be b(0). Let w = 25 + d. Let f(o) = o - 5. What is f(w)?
-5
Let d(j) = -j**2 + 6*j - 4. Let c(s) = -2*s + 7 - 3 - 3*s + 4*s. Let h be c(2). Suppose -2*f + h*o = -14, -5 = 3*f - 5*f - o. Calculate d(f).
4
Let g = -14 + 16. Let y(b) = -5 - 16*b + 12*b + b**g - 2. Suppose 3*x - 18 = -2*q, -2*q - 4 = 2*x - 20. Give y(q).
5
Let d(w) be the third derivative of -12*w**2 - 1/24*w**4 + 0*w + 0 - 1/120*w**6 + 1/6*w**3 + 1/60*w**5. What is d(0)?
1
Let l(w) = 7*w - 6. Let a(m) = -6*m + 6. Let i(k) = 6*a(k) + 5*l(k). Calculate i(3).
3
Let f(q) = q**3 - 4*q**2 - 6*q - 4. Let u be (-10)/(-8) + 0 + 45/12. What is f(u)?
-9
Suppose 2*i - 8 + 4 = 2*r, -2*r + 5*i - 19 = 0. Suppose -m + 31 = 5*f, -r*f = -m - 16 - 1. Let t(c) = 1 - 1 + c. Determine t(f).
6
Let x(f) be the second derivative of -f**5/20 - 9*f**2/2 + 5*f. Let w be 0/1*(4/3 + -1). Give x(w).
-9
Let k(p) = p**2 + 12*p - 16. Suppose -14*x = 5*i - 9*x + 80, -2*x + 59 = -5*i. What is k(i)?
-3
Let j(n) be the second derivative of n**4/12 - 3*n**3/2 - 27*n**2/2 + 45*n - 4. What is j(11)?
-5
Suppose 67*w = 61*w + 78. Let t(k) = -k**2 + 12*k + 5. Calculate t(w).
-8
Suppose -2*q = 2*f - 3*f - 20, -4*q - 16 = 2*f. Let x = f + 24. Suppose z - x = -z. Let i(l) = l**3 - 6*l**2 + 6*l - 2. What is i(z)?
3
Let s be (-3)/2*1*(-30)/18. Let m(p) be the second derivative of 2/3*p**3 - 1/20*p**5 + 0 - 2*p - 5/12*p**4 - s*p**2. Determine m(-6).
7
Let w(p) be the third derivative of p**4/24 + p**3/3 + 2*p**2. Let i(r) = 2*r**2 - 30*r - 27. Let u be i(16). Let s be -4 - 10/u - 1. Give w(s).
-5
Let i(y) = 7*y**3 - 4*y**2 + 5*y + 3. Let m(c) = -13*c**3 + 8*c**2 - 9*c - 6. Let z(q) = -11*i(q) - 6*m(q). Let h = 85 - 81. Give z(h).
-1
Let t(s) = s - 8. Let f(a) = 2*a - 15. Let o(b) = 3*f(b) - 5*t(b). Suppose 3*g + 2*n = 67, 5*n + 1 = g + 7. Suppose 6*i - 5 = g. Determine o(i).
-1
Let v be (12/(-18))/((-2)/6). Suppose v*y = -y. Let g(f) = 4 + 2 + 2*f**2 - 7*f + y. Calculate g(4).
10
Let k(y) = y + 358 - 3*y + y + 2*y - 366. Calculate k(12).
4
Let r = -10 - -15. Suppose h - 2*h = -r. Let c(t) = -2*t - 3 - 6*t**3 + 7*t**2 + h*t**3 - 3*t**2. Give c(3).
0
Let k = 904 + -906. Let x(r) = -3*r**3 - 3*r**2 - 3*r - 3. What is x(k)?
15
Let w(x) = 59*x - 292. Let g be w(5). Let b(y) = 4*y - 18. Give b(g).
-6
Let y = -9 + 12. Suppose -96 = -y*g + 147. Let c(w) = -w**2 + g*w + 2 - 81*w + w**3. Determine c(2).
6
Let h(p) be the second derivative of -20*p - 1/3*p**3 + 0 - 2*p**2. Let k be 2*6/(-4)*1. Determine h(k).
2
Let v = -32 + 8. Let s(b) = -2*b**2 - 12*b + 8. Let t be s(-7). Let r be 7 + -2 + v/t. Let d(j) = j - 8. Determine d(r).
1
Let f be (-8)/(-3)*(-3)/(-2). Suppose -f*v = -5*v - 34. Let n = 27 + v. Let i(c) = -c + 2. What is i(n)?
9
Let w(x) = -3*x**2 + 3*x + 1. Suppose -4*h + 55 = 43. Calculate w(h).
-17
Let h be 15/140*7 + 1/4. Let z(p) = 0*p + 2*p + 0*p**3 - 3*p**2 + 4*p**3 + 5. Let n(y) = -8*y**3 + 7*y**2 - 5*y - 11. Let t(i) = 4*n(i) + 9*z(i). What is t(h)?
4
Suppose -6*k - 8 = -4*k. Let s = k + -6. Let x(p) = -p**3 - 9*p**2 + 10*p + 5. Give x(s).
5
Let d(p) be the third derivative of -p**6/120 - p**5/30 + p**4/12 - p**3/2 - 249*p**2. Suppose 2*v = 6*v - 28. Let f = v + -10. Give d(f).
0
Let n(b) = -b - 2. Let y = -114 + 109. Give n(y).
3
Suppose 0 = -4*a - 2*a. Let t = 13 + -9. Let x(q) = -t*q + q - 1 + a*q. Give x(-2).
5
Let v(k) = -3*k + 7. Let i(o) = 2*o - 6. Let s = 3 - -3. Let g(t) = s*i(t) + 5*v(t). Let l be g(-2). Let x(c) = -2*c**2 + 7*c - 2. Give x(l).
-17
Let z(r) = -r**2 + 8*r + 3. Let q(o) = 8*o**2 - o + 3. Let u be q(1). Calculate z(u).
-17
Let g(v) = 2*v + 7. Let t be (-9)/6*(-5 - -1). Suppose 4*f + 38 = 5*i, i - 40 = 4*f - 3*i. Let w be (-1)/t - (-58)/f. Determine g(w).
-3
Let n be (-1)/(-9) + 3 + 600/(-54). Let h(r) = -2*r - 10. Give h(n).
6
Let m(s) = -3*s**2 + 8*s - 1. Let c(z) = 3*z - 3*z**2 + 3*z**2 - z**2. Let b(a) = 7*c(a) - 2*m(a). Suppose 3*x = -20 + 32. Determine b(x).
6
Let m(o) = 6*o - 1. Let r(i) = 4*i + 7 + 6*i - 5*i - i**2 + 5*i. Let y be r(9). Suppose 2*h = -4*u - 0*u - y, 4*u + 8 = 2*h. Calculate m(h).
-13
Let r(b) = -b**3 - 2*b**2 + 2*b + 3. Let m(n) = -n**2 - 5*n + 2. Let p be m(-7). Suppose i + 12 = -3. Let q = i - p. What is r(q)?
6
Let d = -4 - 3. Let h = -4 - d. Let r(m) = m**3 + m**2 + h*m**2 + 2 + 2*m + 0*m**2 - 1. Determine r(-3).
4
Let q be ((-2)/(-3))/(24/180). Suppose q*g - 111 = -106. Let w(n) = -8*n**3 - n**2 + 2*n - 1. What is w(g)?
-8
Let w(z) = 2 - 1 + 67*z + z**2 - 64*z + z**3 + 1. Let j be -1*(3 + -2) - 2. Let o(m) = m + 1. Let h be o(j). What is w(h)?
-8
Let u(y) = y - 4*y**3 - 1 + 0*y + 4*y**2 + 0 + 3*y**3. Let l be (2 - 0)/(3/6). Suppose l*q = -q + 10. What is u(q)?
9
Suppose 0 = -4*o - 0*o + 104. Suppose -o = -p - p. Suppose -5*n + 17 + p = 0. Let a(q) = -q + 1. What is a(n)?
-5
Let q(m) be the second derivative of m**4/12 - 5*m**3/3 + 31*m**2/2 + 63*m - 3. Calculate q(6).
7
Suppose -s - 3*k = -11, 5*s + 1 = -2*k + 4. Let z(r) = -13*r - 5. Let f(x) = 64*x + 27. Let y = -88 + 99. Let i(p) = y*z(p) + 2*f(p). Determine i(s).
14
Let m(b) = b**3 - 15*b**2 - 2*b + 23. Let k = 121 - 106. Give m(k).
-7
Let c(o) = o**3 - 4*o**2 - o + 1. Let d = 21 - 24. Suppose 0 = t + 3*t + 44. Let u be d/2 + t/(-2). Determine c(u).
-3
Suppose -27 = 5*w - t, 4*t - 18 = -0*w + 5*w. Let j(z) = -z**3 - 5*z**2 + 6*z - 5. Determine j(w).
-5
Let n(s) = s**3 - 7*s**2 + 5*s + 7. Let m be n(6). Suppose -b - 20 = -6*b. Let q(h) = b - h**2 - 5*h - 9 + m. Determine q(-4).
0
Let b(i) be the second derivative of -i**5/20 + 7*i**4/6 - 13*i**3/6 + 11*i**2/2 + 16*i - 6. Calculate b(13).
11
Let l(c) = -c**3 + 5*c**2 + 5*c + 6. Let p = -2251 + 2257. What is l(p)?
0
Let f(y) = y**3 - y**2 + 2. Let x be (-159)/5 - 1/5. Suppose -2*k - p = 62, 4*k - 2*p = -43 - 73. Let u = k - x. Calculate f(u).
6
Let v(o) = 0 + 7*o - 3 + 1 + o**2. Let m = -5173 + 5167. What is v(m)?
-8
Let w(s) = 50*s**2 + 1. Let f(z) = z**2 + 5*z - 105. Let u be f(-13). Give w(u).
51
Suppose -43 = 62*w + 81. Let d(k) = -2*k**3 + k**2 + 2*k. What is d(w)?
16
Let w(k) = -6*k**2 + 27 - 12 - 13 - k. Calculate w(-3).
-49
Suppose 4*h = 2*d + 18, -1 = -3*d - 4*h - 8. Let u(g) be the second derivative of -1/6*g**3 - 1/20*g**5 + 0 - 12*g - 1/2*g**4 + 3*g**2. What is u(d)?
-14
Let h(c) = -c**3 - 7*c**2 - 7*c - 4. Let j(m) = m**2 + 6*m + 10. Let y be j(-3). Suppose 3*r - y = -19. What is h(r)?
2
Let c(u) = -u + 1. Suppose -3*s + 17 - 14 = 0. Let w be (-3 + 3)/(1/s). Suppose 5*j + w*j + 5 = 0. Give c(j).
2
Let i be (-244)/(-2) - ((-21)/(-7) - 3). Let b = i + -108. Let z(d) = d**2 - 13*d - 11. Calculate z(b).
3
Let n(v) = -2*v**2 + 117 - 130 + 12*v**2 + 11*v - v**3 - 17*v. Determine n(9).
14
Let d(j) = -j**3 + 3*j. Let m(w) = -3*w**3 - w**2 + 7*w. Let i(x) = 5*d(x) - 2*m(x). Calculate i(-1).
0
Let i be (4/4)/(1 - 0). Let l(y) = y**3 - y**2 + 5*y + 5. Let f(t) = t**3 + t + 1. Let h(p) = i*l(p) - 2*f(p). Calculate h(-2).
1
Let q(g) be the second derivative of g**5/20 - g**4/6 + 3*g**2/2 + 18*g. What is q(3)?
12
Let k(u) be the third derivative of 0*u**4 + 1/30*u**5 + 5*u**2 - 1/6*u**3 + 1/24*u**6 + 0 + 0*u. Determine k(1).
6
Let d(t) = 43*t**2 + 1. Suppose 9*r = -94 + 85. Determine d(r).
44
Let v(n) = -2*n**2 - 112*n - 118. Let w be v(-55). Let a(r) = -6*r - 36. What is a(w)?
12
Let i(g) be the second derivative of g**4/12 + g**3/6 - 11*g**2 + 635*g. Determine i(-7).
20
Let f(r) = -31*r + 0*r**2 + 10*r**2 + r**3 - 27*r + 11 + 60*r - 3*r**2. Determine f(-7).
-3
Suppose 0 = 3*a - q - 20, 2*q - 34 = -5*